{"id":1407,"date":"2017-12-17T06:31:19","date_gmt":"2017-12-17T06:31:19","guid":{"rendered":"http:\/\/somoskhepri.com.ar\/?page_id=1407"},"modified":"2026-04-07T14:15:19","modified_gmt":"2026-04-07T14:15:19","slug":"home","status":"publish","type":"page","link":"https:\/\/somoskhepri.com.ar\/","title":{"rendered":"Home"},"content":{"rendered":"\t\t<div data-elementor-type=\"wp-page\" data-elementor-id=\"1407\" class=\"elementor elementor-1407\">\n\t\t\t\t\t\t<section class=\"elementor-section elementor-top-section elementor-element elementor-element-6e5c9b1 elementor-section-boxed elementor-section-height-default elementor-section-height-default\" data-id=\"6e5c9b1\" data-element_type=\"section\">\n\t\t\t\t\t\t<div class=\"elementor-container elementor-column-gap-default\">\n\t\t\t\t\t<div class=\"elementor-column elementor-col-100 elementor-top-column elementor-element elementor-element-56aa7a2\" data-id=\"56aa7a2\" data-element_type=\"column\">\n\t\t\t<div class=\"elementor-widget-wrap\">\n\t\t\t\t\t\t\t<\/div>\n\t\t<\/div>\n\t\t\t\t\t<\/div>\n\t\t<\/section>\n\t\t\t\t<section class=\"elementor-section elementor-top-section elementor-element elementor-element-b7f9976 elementor-section-boxed elementor-section-height-default elementor-section-height-default\" data-id=\"b7f9976\" data-element_type=\"section\">\n\t\t\t\t\t\t<div class=\"elementor-container elementor-column-gap-default\">\n\t\t\t\t\t<div class=\"elementor-column elementor-col-100 elementor-top-column elementor-element elementor-element-d375e01\" data-id=\"d375e01\" data-element_type=\"column\">\n\t\t\t<div class=\"elementor-widget-wrap\">\n\t\t\t\t\t\t\t<\/div>\n\t\t<\/div>\n\t\t\t\t\t<\/div>\n\t\t<\/section>\n\t\t\t\t<section class=\"elementor-section elementor-top-section elementor-element elementor-element-5f617a8 elementor-section-boxed elementor-section-height-default elementor-section-height-default\" data-id=\"5f617a8\" data-element_type=\"section\">\n\t\t\t\t\t\t<div class=\"elementor-container elementor-column-gap-default\">\n\t\t\t\t\t<div class=\"elementor-column elementor-col-100 elementor-top-column elementor-element elementor-element-dcda9be\" data-id=\"dcda9be\" data-element_type=\"column\">\n\t\t\t<div class=\"elementor-widget-wrap elementor-element-populated\">\n\t\t\t\t\t\t<div class=\"elementor-element elementor-element-ec2e06d elementor-widget elementor-widget-spacer\" data-id=\"ec2e06d\" data-element_type=\"widget\" data-widget_type=\"spacer.default\">\n\t\t\t\t<div class=\"elementor-widget-container\">\n\t\t\t\t\t<div class=\"elementor-spacer\">\n\t\t\t<div class=\"elementor-spacer-inner\"><\/div>\n\t\t<\/div>\n\t\t\t\t<\/div>\n\t\t\t\t<\/div>\n\t\t\t\t\t<\/div>\n\t\t<\/div>\n\t\t\t\t\t<\/div>\n\t\t<\/section>\n\t\t\t\t<section class=\"elementor-section elementor-top-section elementor-element elementor-element-51d346dc elementor-section-boxed elementor-section-height-default elementor-section-height-default\" data-id=\"51d346dc\" data-element_type=\"section\" data-settings=\"{&quot;background_background&quot;:&quot;classic&quot;}\">\n\t\t\t\t\t\t<div class=\"elementor-container elementor-column-gap-default\">\n\t\t\t\t\t<div class=\"elementor-column elementor-col-20 elementor-top-column elementor-element elementor-element-31f86f84\" data-id=\"31f86f84\" data-element_type=\"column\" data-settings=\"{&quot;background_background&quot;:&quot;classic&quot;}\">\n\t\t\t<div class=\"elementor-widget-wrap elementor-element-populated\">\n\t\t\t\t\t\t<div class=\"elementor-element elementor-element-d80e659 elementor-position-top elementor-widget elementor-widget-image-box\" data-id=\"d80e659\" data-element_type=\"widget\" data-widget_type=\"image-box.default\">\n\t\t\t\t<div class=\"elementor-widget-container\">\n\t\t\t<div class=\"elementor-image-box-wrapper\"><figure class=\"elementor-image-box-img\"><a href=\"http:\/\/somoskhepri.com.ar\/?product_cat=bolsas-de-lienzo\" tabindex=\"-1\"><img decoding=\"async\" width=\"150\" height=\"150\" src=\"https:\/\/somoskhepri.com.ar\/wp-content\/uploads\/2024\/10\/IMG_20240929_103939061_HDR-150x150.jpg\" class=\"attachment-thumbnail size-thumbnail wp-image-3842\" alt=\"\" srcset=\"https:\/\/somoskhepri.com.ar\/wp-content\/uploads\/2024\/10\/IMG_20240929_103939061_HDR-150x150.jpg 150w, https:\/\/somoskhepri.com.ar\/wp-content\/uploads\/2024\/10\/IMG_20240929_103939061_HDR-300x300.jpg 300w, https:\/\/somoskhepri.com.ar\/wp-content\/uploads\/2024\/10\/IMG_20240929_103939061_HDR-100x100.jpg 100w\" sizes=\"(max-width: 150px) 100vw, 150px\" \/><\/a><\/figure><div class=\"elementor-image-box-content\"><h3 class=\"elementor-image-box-title\"><a href=\"http:\/\/somoskhepri.com.ar\/?product_cat=bolsas-de-lienzo\">BOLSAS<\/a><\/h3><p class=\"elementor-image-box-description\">Con manija de cord\u00f3n o raso. Gran variedad de tama\u00f1os. Full color. Detalles de terminaci\u00f3n<\/p><\/div><\/div>\t\t<\/div>\n\t\t\t\t<\/div>\n\t\t\t\t\t<\/div>\n\t\t<\/div>\n\t\t\t\t<div class=\"elementor-column elementor-col-20 elementor-top-column elementor-element elementor-element-e29b80b\" data-id=\"e29b80b\" data-element_type=\"column\">\n\t\t\t<div class=\"elementor-widget-wrap\">\n\t\t\t\t\t\t\t<\/div>\n\t\t<\/div>\n\t\t\t\t<div class=\"elementor-column elementor-col-20 elementor-top-column elementor-element elementor-element-b0b6928\" data-id=\"b0b6928\" data-element_type=\"column\" data-settings=\"{&quot;background_background&quot;:&quot;classic&quot;}\">\n\t\t\t<div class=\"elementor-widget-wrap elementor-element-populated\">\n\t\t\t\t\t\t<div class=\"elementor-element elementor-element-7e89a73 elementor-widget__width-initial elementor-widget elementor-widget-spacer\" data-id=\"7e89a73\" data-element_type=\"widget\" data-widget_type=\"spacer.default\">\n\t\t\t\t<div class=\"elementor-widget-container\">\n\t\t\t\t\t<div class=\"elementor-spacer\">\n\t\t\t<div class=\"elementor-spacer-inner\"><\/div>\n\t\t<\/div>\n\t\t\t\t<\/div>\n\t\t\t\t<\/div>\n\t\t\t\t<div class=\"elementor-element elementor-element-e6dcb0c elementor-position-top elementor-widget elementor-widget-image-box\" data-id=\"e6dcb0c\" data-element_type=\"widget\" data-widget_type=\"image-box.default\">\n\t\t\t\t<div class=\"elementor-widget-container\">\n\t\t\t<div class=\"elementor-image-box-wrapper\"><figure class=\"elementor-image-box-img\"><a href=\"http:\/\/somoskhepri.com.ar\/?product_cat=packs-emprendedores\" tabindex=\"-1\"><img decoding=\"async\" width=\"150\" height=\"150\" src=\"https:\/\/somoskhepri.com.ar\/wp-content\/uploads\/2025\/04\/IMG_20250412_142937249_HDR-scaled-e1744639777916-150x150.jpg\" class=\"attachment-thumbnail size-thumbnail wp-image-3973\" alt=\"\" srcset=\"https:\/\/somoskhepri.com.ar\/wp-content\/uploads\/2025\/04\/IMG_20250412_142937249_HDR-scaled-e1744639777916-150x150.jpg 150w, https:\/\/somoskhepri.com.ar\/wp-content\/uploads\/2025\/04\/IMG_20250412_142937249_HDR-scaled-e1744639777916-300x300.jpg 300w, https:\/\/somoskhepri.com.ar\/wp-content\/uploads\/2025\/04\/IMG_20250412_142937249_HDR-scaled-e1744639777916-100x100.jpg 100w\" sizes=\"(max-width: 150px) 100vw, 150px\" \/><\/a><\/figure><div class=\"elementor-image-box-content\"><h3 class=\"elementor-image-box-title\"><a href=\"http:\/\/somoskhepri.com.ar\/?product_cat=packs-emprendedores\">CAJAS<\/a><\/h3><p class=\"elementor-image-box-description\">Variedad de cajas y estilos. Fosforeras, tapa desmontable, y la estrella... nuestra CAJA BOLSA<\/p><\/div><\/div>\t\t<\/div>\n\t\t\t\t<\/div>\n\t\t\t\t\t<\/div>\n\t\t<\/div>\n\t\t\t\t<div class=\"elementor-column elementor-col-20 elementor-top-column elementor-element elementor-element-94e265b\" data-id=\"94e265b\" data-element_type=\"column\">\n\t\t\t<div class=\"elementor-widget-wrap\">\n\t\t\t\t\t\t\t<\/div>\n\t\t<\/div>\n\t\t\t\t<div class=\"elementor-column elementor-col-20 elementor-top-column elementor-element elementor-element-4da4ff0\" data-id=\"4da4ff0\" data-element_type=\"column\" data-settings=\"{&quot;background_background&quot;:&quot;classic&quot;}\">\n\t\t\t<div class=\"elementor-widget-wrap elementor-element-populated\">\n\t\t\t\t\t\t<div class=\"elementor-element elementor-element-3ea21d9 elementor-position-top elementor-widget elementor-widget-image-box\" data-id=\"3ea21d9\" data-element_type=\"widget\" data-widget_type=\"image-box.default\">\n\t\t\t\t<div class=\"elementor-widget-container\">\n\t\t\t<div class=\"elementor-image-box-wrapper\"><figure class=\"elementor-image-box-img\"><a href=\"http:\/\/somoskhepri.com.ar\/?product_cat=packs-emprendedores\" tabindex=\"-1\"><img decoding=\"async\" width=\"150\" height=\"150\" src=\"https:\/\/somoskhepri.com.ar\/wp-content\/uploads\/2022\/03\/IMG_20220322_115137987_HDR-150x150.jpg\" class=\"attachment-thumbnail size-thumbnail wp-image-3058\" alt=\"\" srcset=\"https:\/\/somoskhepri.com.ar\/wp-content\/uploads\/2022\/03\/IMG_20220322_115137987_HDR-150x150.jpg 150w, https:\/\/somoskhepri.com.ar\/wp-content\/uploads\/2022\/03\/IMG_20220322_115137987_HDR-300x300.jpg 300w, https:\/\/somoskhepri.com.ar\/wp-content\/uploads\/2022\/03\/IMG_20220322_115137987_HDR-100x100.jpg 100w\" sizes=\"(max-width: 150px) 100vw, 150px\" \/><\/a><\/figure><div class=\"elementor-image-box-content\"><h3 class=\"elementor-image-box-title\"><a href=\"http:\/\/somoskhepri.com.ar\/?product_cat=packs-emprendedores\">PAPELERIA GENERAL<\/a><\/h3><p class=\"elementor-image-box-description\">Los b\u00e1sicos y fundamentales para tu emprendimiento. Tags, Stickers, Tarjetas personales y mucho m\u00e1s!<\/p><\/div><\/div>\t\t<\/div>\n\t\t\t\t<\/div>\n\t\t\t\t\t<\/div>\n\t\t<\/div>\n\t\t\t\t\t<\/div>\n\t\t<\/section>\n\t\t\t\t<section class=\"elementor-section elementor-top-section elementor-element elementor-element-02853cc elementor-section-boxed elementor-section-height-default elementor-section-height-default\" data-id=\"02853cc\" data-element_type=\"section\">\n\t\t\t\t\t\t<div class=\"elementor-container elementor-column-gap-default\">\n\t\t\t\t\t<div class=\"elementor-column elementor-col-100 elementor-top-column elementor-element elementor-element-d4804f4\" data-id=\"d4804f4\" data-element_type=\"column\">\n\t\t\t<div class=\"elementor-widget-wrap\">\n\t\t\t\t\t\t\t<\/div>\n\t\t<\/div>\n\t\t\t\t\t<\/div>\n\t\t<\/section>\n\t\t\t\t<\/div>\n\t\t","protected":false},"excerpt":{"rendered":"<p>BOLSAS Con manija de cord\u00f3n o raso. Gran variedad de tama\u00f1os. Full color. Detalles de terminaci\u00f3n CAJAS Variedad de cajas y estilos. Fosforeras, tapa desmontable, y la estrella&#8230; nuestra CAJA BOLSA PAPELERIA GENERAL Los b\u00e1sicos y fundamentales para tu emprendimiento. Tags, Stickers, Tarjetas personales y mucho m\u00e1s!<\/p>\n","protected":false},"author":1,"featured_media":0,"parent":0,"menu_order":0,"comment_status":"closed","ping_status":"closed","template":"","meta":{"footnotes":""},"class_list":["post-1407","page","type-page","status-publish","hentry"],"_links":{"self":[{"href":"https:\/\/somoskhepri.com.ar\/index.php?rest_route=\/wp\/v2\/pages\/1407","targetHints":{"allow":["GET"]}}],"collection":[{"href":"https:\/\/somoskhepri.com.ar\/index.php?rest_route=\/wp\/v2\/pages"}],"about":[{"href":"https:\/\/somoskhepri.com.ar\/index.php?rest_route=\/wp\/v2\/types\/page"}],"author":[{"embeddable":true,"href":"https:\/\/somoskhepri.com.ar\/index.php?rest_route=\/wp\/v2\/users\/1"}],"replies":[{"embeddable":true,"href":"https:\/\/somoskhepri.com.ar\/index.php?rest_route=%2Fwp%2Fv2%2Fcomments&post=1407"}],"version-history":[{"count":87,"href":"https:\/\/somoskhepri.com.ar\/index.php?rest_route=\/wp\/v2\/pages\/1407\/revisions"}],"predecessor-version":[{"id":4462,"href":"https:\/\/somoskhepri.com.ar\/index.php?rest_route=\/wp\/v2\/pages\/1407\/revisions\/4462"}],"wp:attachment":[{"href":"https:\/\/somoskhepri.com.ar\/index.php?rest_route=%2Fwp%2Fv2%2Fmedia&parent=1407"}],"curies":[{"name":"wp","href":"https:\/\/api.w.org\/{rel}","templated":true}]}}